4. Let i(j) = 2*j + 9. Let t(f) = 13*c(f) + 6*i(f). Let m = 16 - 11. Give t(m).
-3
Suppose 5*n - 4*v = 47, 0*v = 2*n - 2*v - 20. Let i(g) = -5 + 3 + g + n. Give i(-3).
2
Suppose 2*k - 34 = -2*c, -2*c - 3*k + 14 = -5*k. Let f = c + -13. Let l(h) = -h - 1. Give l(f).
0
Let s(l) = 9*l**2 - 2*l - 9. Let n(r) = -5*r**2 + r + 5. Let b(q) = -7*n(q) - 4*s(q). Calculate b(-1).
-1
Let d(c) = -5 - 4*c**2 - 4*c**2 + 14*c**2 + 6*c - 5*c**2. Calculate d(-6).
-5
Let y(a) = a**2 - 5*a + 1. Suppose 4*i = -5*o + 5, 8*i - 4*o - 37 = 3*i. Give y(i).
1
Let q(d) = -2*d - 27. Let m be q(-11). Let y(s) = s**3 + 4*s**2 - 4*s + 6. Calculate y(m).
1
Let x(z) = -z - 1. Let w(d) = 2*d**2 + 7*d + 6. Let i(p) = w(p) + 6*x(p). What is i(-1)?
1
Let g(c) be the second derivative of c**4/12 + c**3 + 9*c**2/2 + c. Calculate g(-6).
9
Let n(x) = -5*x**3 - x**2 + 5*x + 9. Let z(s) = -s**3 + s**2 + s + 1. Let h(o) = -n(o) + 6*z(o). Suppose 0 = -5*b, -3*b + 5*b = -q + 7. Give h(q).
4
Let w(b) be the second derivative of b**3/6 + 4*b + 4. Calculate w(4).
4
Let f(m) be the second derivative of 4*m**3/3 + m**2/2 - 3*m. Let o = 6 + -7. Determine f(o).
-7
Let m(p) = p**3 + 4*p**2 - p - 4. Let i be m(-4). Let q(w) = 0*w**2 - 13 - w**2 + 4 - w. Let z(r) = -2*r**2 - 2*r - 17. Let n(o) = -5*q(o) + 3*z(o). Give n(i).
-6
Let w(g) = 0*g + g**2 + 0 - 6*g - g + 2. Let u be w(7). Let b(d) = 9*d**3 + 0 - 1 - u*d**3 + 2*d**2. Calculate b(1).
8
Suppose 0 = 5*w + 4*z + 13, 3*w = -0*w + 2*z - 21. Let m = w + 8. Let t(k) = -k**3 + k**2 + 4*k. Calculate t(m).
-6
Let c(p) be the first derivative of -p**4/4 + 2*p**3 + p**2 + 4*p - 4. Calculate c(6).
16
Let o = 3 - 1. Let h(s) = -7*s - s**o - 3*s + 3 + 8*s. Determine h(-3).
0
Let k be (-2 - 13/(-5))*65/(-13). Let g(o) = o**2 + 2*o + 2. Determine g(k).
5
Suppose -2*i - k - 7 = 0, 0 = i - 4*k - 1. Let x(p) = p**2 + 3*p + 2. Calculate x(i).
2
Let m(k) = 8*k - 3*k + 14*k**2 - 6*k - 7*k**2. Give m(1).
6
Let m be 6/8 + 78/24. Let j(l) = -1 - 2*l + 4 + m*l + 1. What is j(-4)?
-4
Let j = -8 + 7. Let t = j - -4. Let l(c) = -t*c + 13 + 4*c + 4*c**2 - 5*c**2. Determine l(0).
13
Let d(y) = -y**2 + 5*y - 4. Let z be d(3). Let m(i) = i**3 - i**z + 5 + i**2 - i**2. Suppose 0*g = 3*g - 9, -2*g = -b - 6. What is m(b)?
5
Let i(r) = r**3 - 6*r**2 - 4. Let m be (-6)/8*4*-2. Give i(m).
-4
Let v(o) = o + 1 - 2*o + 3*o - 3*o. What is v(4)?
-3
Let v(m) be the third derivative of -1/60*m**5 + m**2 + 0*m**4 + 0*m - 2/3*m**3 + 0. Give v(0).
-4
Let u(h) = -h**3 + 5*h**2 - 2*h + 3. Let l = 3 + 2. Calculate u(l).
-7
Let v(g) = 4*g**2 + 2*g + 4. Let t(l) = -4*l + 2 + 3*l - 5*l**2 - 7. Let h(r) = 3*t(r) + 4*v(r). Let a be 22/(-8) + 2/(-8). Give h(a).
-5
Let u(d) = -d - 5. Let r(n) = -2*n - 10. Let h(o) = -6*r(o) + 11*u(o). Calculate h(-7).
-2
Let g(d) be the second derivative of -d**5/20 + 2*d**4/3 - d**3/3 + 9*d**2/2 - 5*d + 4. Determine g(8).
-7
Let t(j) = j + 2*j**3 - 2 + 2 + 2*j**3 - 2*j**2. Let h(a) = a**3 - a**2. Let y(q) = 3*h(q) - t(q). What is y(0)?
0
Suppose -c + 7 = 8. Let u(b) = b**3 - b**2 + b. Let h(f) = 8*f**2 + 6*f + 8. Let z(y) = c*u(y) - h(y). What is z(-6)?
-2
Let s(f) = f**2 - 2. Let n(o) be the first derivative of -10*o - 4 - 8/3*o**3 - 1/4*o**4 - 4*o**2. Let t be n(-7). Determine s(t).
7
Suppose -d = -2*d. Let w(t) = t**2 - t - 8. Calculate w(d).
-8
Let g(r) = 5*r + 6. Let t(k) = k + 1. Let x(o) = g(o) - 4*t(o). Let b be x(4). Let h(c) = c**2 - 4*c - 2. Give h(b).
10
Let o(f) = -f**3 + f**2 + f + 6. Let t be o(0). Let d be (3/6)/((-1)/t). Let p(u) = 3 + 6*u - 3*u - 2. What is p(d)?
-8
Let o(m) = -m**3 - 4*m**2 + 5*m + 2. Suppose -3*l + 13 - 1 = 0. Let n(a) = -a**2 + 7*a + 1. Let t be n(7). Suppose -l*q - 21 = -t. What is o(q)?
2
Let y = -1153 - -151. Let h be (-2)/11 + y/(-66). Suppose -3*b + 5 = 3*n + 20, n - h = 3*b. Let v(t) = -t**2 - t - 1. Determine v(n).
-1
Let k(j) = j**2 + 7*j + 3. Let q(o) = -o + 3. Let c be (-48)/(-9)*6/4. Let a be q(c). Give k(a).
-7
Let w(x) be the third derivative of -x**6/720 - x**5/40 - x**4/24 - 2*x**2. Let t(b) be the second derivative of w(b). Suppose -4*a = -0*a + 20. What is t(a)?
2
Let a(f) = 11 - 16*f**2 - 3 + 7*f + 15*f**2. Calculate a(6).
14
Suppose 0 = -0*p - p. Suppose p = 4*i - 13 - 7. Let s(d) = d**2 - 4*d - 5. Calculate s(i).
0
Let p(b) = -10*b - 11. Let c(x) = 3*x + 4. Let y(j) = -7*c(j) - 2*p(j). Let a = 5 - -6. Let g = 7 - a. Give y(g).
-2
Suppose 3*w = -7 - 5. Suppose 0 = -b - 2*a, -5*b = -4*a - 0*a - 28. Let s(v) = v**2 + 4*v**2 + 4*v - b*v**2 - v. Calculate s(w).
4
Let j(o) be the second derivative of -o**4/12 + 3*o**3/2 + 3*o**2 - 7*o + 1. Determine j(7).
20
Let l(s) = -s**2 - 9*s - 1. Let i be 24/9*(-4 + 1). Calculate l(i).
7
Let s(w) = -4 - 24*w + 5 + 52*w - 27*w. Determine s(-2).
-1
Let t(n) = -n**2 - 3*n + 5. Suppose 0*a = -5*a + 2*j - 70, 4*a + 5*j = -23. Let z = -21 - a. Let o(x) = x**3 + 9*x**2 + 2*x + 13. Let h be o(z). Give t(h).
-5
Let p(v) be the first derivative of -v**4/4 + 8*v**3/3 + v**2/2 - 9*v - 42. Determine p(8).
-1
Let m(d) = 11*d - 9. Let t(n) = 6*n - 4. Let o(i) = -2*m(i) + 5*t(i). Let b(f) = 8*f - 1. Let q(j) = -3*b(j) + 2*o(j). Suppose 3 = 3*u - 0*u. What is q(u)?
-9
Let k(c) = 0 + 0 + 6*c - 4 - 5*c. Calculate k(-5).
-9
Let p(i) be the third derivative of i**4/24 - i**3/3 - 2*i**2. What is p(6)?
4
Let j = 20 + -12. Let u be (-4)/(2 + 0) + 4. Let c(s) = -1 + 1 - j*s - s**2 + u*s. Determine c(-5).
5
Let h be ((-2 - -2)/(-2))/2. Suppose 2*c + 12 = -3*k - c, h = k + 3*c + 4. Let w(d) be the second derivative of -d**4/6 - d**3 - d**2/2 - 3*d. Calculate w(k).
-9
Let g(z) = 15*z**3 - 14*z**3 + 3 - 7*z + 2*z - 4*z**2. What is g(5)?
3
Let m(v) = -v - 3. Let i = 11 + -4. Suppose -2*n - i = -p, 2*p + 2*p + 3*n + 27 = 0. Let s be m(p). Let y(l) = -l + 2. What is y(s)?
2
Let j(z) = -2*z + 5. Suppose -3*t - 24 = -3*o, 2*o = -o + 4*t + 26. Calculate j(o).
-7
Let y(m) = 2 + 0 - 1 + m**2 - 7*m + 9*m. Determine y(-3).
4
Suppose -3*p + 5*p - 8 = 0. Let w(r) = r**3 - 3*r**2 - 3*r + 1. Determine w(p).
5
Let x(g) = -g**3 + 5*g**2 - 3*g + 1. Let v be x(4). Let u(j) = -2*j + 1. Give u(v).
-9
Let a(j) be the third derivative of -j**5/60 + 7*j**4/24 - j**3 - 3*j**2. Suppose 0 = l + l + 6. Let o be (2/2)/(l/(-12)). What is a(o)?
6
Let m(d) be the third derivative of -5*d**4/24 - 70*d**2. Let o = 0 - -1. Determine m(o).
-5
Let o(a) = -a**3 - 1 - 11*a - 3*a**2 + 4 + 3*a - 5*a**2. Calculate o(-6).
-21
Let h(s) = 95*s - 10 + 3*s**2 - 96*s - 2*s**2. Calculate h(0).
-10
Let g(u) = -u + 1. Let t(r) = 8*r - 4. Suppose -3*i + a = 22 - 2, a + 5 = -2*i. Let j(o) = i*g(o) - t(o). What is j(1)?
-4
Let p(d) = d**2 - d - 1. Suppose -9 = -4*w + w. Let q(j) = 4*j**2 - 4*j - 3. Let s(u) = w*p(u) - q(u). Give s(2).
-2
Let y be 7/3 - 7/21. Suppose 0 = -3*m - 5*r + 2*r, -y*r - 10 = 0. Let p(f) = 3 + 4*f + 0*f**2 - f**2 + 5 - 1. Calculate p(m).
2
Let p(u) = -4*u + 2. Let z(c) = 1 - 5*c - 2*c + 4*c. Let a(i) = 2*p(i) - 3*z(i). Determine a(3).
4
Let z(y) be the second derivative of -y**3/6 - 3*y**2/2 - 12*y. Determine z(-9).
6
Let t(r) be the second derivative of -r**3/2 - 19*r. What is t(-6)?
18
Let v(g) = g**2 - 5. Suppose 2*l - 6*m = -2*m, 0 = -l - 2*m + 8. What is v(l)?
11
Let g(h) be the third derivative of h**6/90 + h**5/120 + h**4/6 - 4*h**2. Let n(c) be the second derivative of g(c). What is n(1)?
9
Let i(y) be the first derivative of 4*y**3/3 + y**2/2 - y + 3. Let b(s) = -s**2 - 6*s + 3. Let l be b(-6). Suppose -3*u + 0 = -l. Give i(u).
4
Let x(y) = -41*y**3 + 4*y + 40*y**3 + 6*y**2 - 9*y + 3. Calculate x(5).
3
Let v(r) = r**2 + 6*r - 4. Let f be v(-7). Let t(i) = -2*i**2 + 2 + 0 - i**3 - 3*i**2 - f*i. What is t(-4)?
-2
Suppose 0 = 10*d + 11*d - 126. Let u(l) = -5*l**3 - 12*l**2 + 2*l - 23. Let g(j) = -3*j**3 - 6*j**2 + j - 12. Let n(x) = 7*g(x) - 4*u(x). Determine n(d).
2
Let d(h) = h + 7. Suppose 5*j = 10 - 0. Let b(l) = 8 + 2*l + l - 2 - j*l. Let y(f) = -4*b(f) + 3*d(f). Calculate y(3).
-6
Let i(s) = 2*s - 1. Let g = -1 + 4. Let a be i(g). Suppose 5*o - a + 0 = 0. Let k(n) = -5*n - 1. Calculate k(o).
-6
Let w(a) be the third derivative of a**4/24 - 5*a**3/6 + 13*a**2. What is w(6)?
1
Let l(v) = 2*v**3 + 2*v**2 - 2*v - 1. Let a(g) = 2*g + 10. Let x be a(-6). Determine l(x).
-5
Let i = 5 + 0. Let f(t) = -t**2 + 4*t + 1. Calcula